 + 21 + (8 - 15).
7
Evaluate -3 + (10 - (15 - 6)) + -8.
-10
Calculate 6 - ((4 - 9 - -7) + 30 - 5).
-21
What is 11 - (39 - (-8 + 13)) - -1?
-22
Evaluate -3 + -3 + (-31 + 42 - 9).
-4
1 + (5 + -11 - -15)
10
What is the value of -24 + (-9 - -7) + 15?
-11
(-37 - -1) + (88 - 67)
-15
-23 + (-10 - (-12 - 6))
-15
(11 - 20) + (-4 - (-2 + 0))
-11
What is -12 - ((-11 - -42) + -63)?
20
Calculate -9 + (-7 - (-32 + 1 - (101 + -109))).
7
-23 + (-15 - -13 - -7)
-18
What is 8 - (-33 - -36 - (-4 - (-1 + -2)))?
4
Calculate 7 + -40 - 12 - -66.
21
2 + (2 + 0 - -1) + 176 + -179
2
What is the value of (-11 - 10) + 33 + -5?
7
What is -28 - (15 - ((-18 - -5 - -5) + 14))?
-37
Evaluate -2 + -4 + -1 + (-20 - (3 - 11)).
-19
What is -2 - 6 - ((-9 - 0) + (-6 - -20))?
-13
Evaluate -19 + (-2 - (-20 - -3)) - (0 + -15).
11
What is (-366 + 382 - (-7 - 1)) + -1?
23
What is the value of 4 + -1 + 86 + -83 + 30?
36
Calculate 4 - 3 - (-112 + 110).
3
What is the value of (123 - 101) + (3 - 10)?
15
What is the value of -5 - 0 - (-5 + 8 + 1)?
-9
What is 0 - 1 - (-38 + 9)?
28
-14 - (-11 - -24) - -20
-7
What is the value of -2 + 6 + -8 + 24 + -12?
8
-135 + 133 - (-1 + 4 - 1)
-4
Evaluate -4 + 15 + -10 + 8 - -1.
10
What is 29 + -17 + 2 - (3 + 0)?
11
What is the value of (74 + -60 - (4 - -5)) + 2 + -32?
-25
4 + -5 + 21 + -39
-19
What is the value of (2 - -9) + -9 + 9 - -5?
16
(7 + -12 - -7) + (-1 - (-3 - 2))
6
What is the value of -15 + 13 + 20 + 0?
18
Evaluate -34 + -11 + -2 + 25 - (-14 - -3).
-11
What is 6 + 6 - (16 + -16) - 0?
12
What is the value of -22 + 22 - (-1 - -1)?
0
What is -2 - 4 - (13 + 11 + -4 - 8)?
-18
-9 + -21 + 61 + -19 + 2
14
Evaluate 10 + (-16 + 12 - 0) + -1 + -18.
-13
Evaluate -3 + (14 + (2 + -4 - 3) - 0).
6
13 - (19 + (-16 - -8))
2
What is the value of (-46 - -40) + (-2 + 5 - 1)?
-4
Evaluate -43 + 20 - (20 + -30).
-13
Evaluate 9 - (-19 + (2 - -5) + 3).
18
What is the value of (-27 + 3 - 9) + 17 - -9?
-7
What is (34 - -3) + (89 - 96) - 15?
15
(-18 - (1 - 18)) + -1 + -9
-11
What is the value of 0 - -1 - ((-8 - 11) + (-20 - -33))?
7
Evaluate (0 - -10) + 33 + -18 + (-2 - 5).
18
Calculate (-3 - 3) + 20 + (22 - 8).
28
(17 + 5 - (1 + -1)) + -7 + -5
10
What is the value of 7 - 15 - 13 - (0 - -6)?
-27
Calculate 0 + (-19 - -2) + (414 - 421).
-24
What is the value of -18 + 39 - -4 - 42?
-17
3 + -5 + (3 + -5 - 6) + 31
21
Evaluate 8 + 7 + (2 - (17 + -9)).
9
What is (7 - -8 - -1) + -4 - 10?
2
Evaluate -12 + 6 + -7 + 32.
19
What is 1 - -1 - (-5 - (-6 + 8 + -6))?
3
Evaluate (7 - -8) + -28 + 10.
-3
Evaluate 28 - (8 + 2 - (8 - 7)).
19
Calculate -21 - (-13 + 21 - 23).
-6
-33 - (107 + -112 + -2 + -1)
-25
Calculate 6 + (10 - (0 - (-8 - -6))).
14
-4 + -2 + -4 + 41 + (-13 - -1)
19
What is 11 + -3 + -7 - (5 + -3)?
-1
Evaluate 10 + 6 - (147 + -121).
-10
What is the value of 17 - (9 - 17 - 4 - -1)?
28
What is the value of -14 - (6 + 2 + -31)?
9
Evaluate (32 - 29) + (0 + 0 - -2) + 0.
5
-1 + 9 - (161 + -185 - (3 + 4))
39
Evaluate -2 + 21 - (49 + -9) - 2.
-23
What is -6 + 0 + -7 + 2 + -1 - -5?
-7
What is the value of -1 + 5 + (1 + -13 + 3 - 10)?
-15
What is the value of 1 - 7 - (0 - 0) - -9?
3
Calculate 3 - (-2 - -4 - 5) - -1 - 1.
6
What is -35 + (18 + -42 - -47)?
-12
What is the value of 13 + (11 + -1 - 30)?
-7
What is the value of 1 + (1 - 7) + -168 + 165?
-8
Calculate (-2 - -2) + -5 - -15.
10
Calculate (70 - 36) + -29 + (1 + 0 - 23).
-17
What is 2 + 10 + -16 + -6 + 14?
4
What is the value of -2 - (-7 - 1) - (0 + 15 + 2)?
-11
Calculate 45 - 34 - (32 - -8 - 5).
-24
Calculate 50 + -11 + (-17 - 6).
16
Evaluate -4 - (-9 + -10 + 12) - -12.
15
What is (-59 - (-39 - -21)) + 27?
-14
What is -1 - (-8 + 1) - (-2 - -7 - 4)?
5
Evaluate -16 + (26 - (11 - (-8 - -13))).
4
What is the value of 240 - 229 - (-2 - -15)?
-2
Evaluate 1 + (-4 + (0 - 2) - -7) - -9.
11
0 + -19 - (0 + -1 + -7 + 1)
-12
Evaluate 19 + 8 + -20 - -3.
10
23 + -25 + (-26 - -5)
-23
Evaluate (-9 - -9) + 4 + 0 + 14 + -12.
6
What is (2 - (6 + 3) - -15) + -31 - -2?
-21
Evaluate 36 - 42 - (13 + -1).
-18
Calculate (-39 - -3) + 59 - (0 + -5).
28
What is the value of (3 - 2) + 5 + 30 + -33?
3
Calculate 5 + -3 - ((-10 - (-8 - 12)) + -4).
-4
What is the value of -10 + (-3 - -5 - -19)?
11
Calculate (-2 - 1) + -7 + 6 - (-1 - 20).
17
11 - (16 + -3) - (-2 - -32)
-32
What is the value of -9 + -15 + 42 + -10?
8
Evaluate 551 - 539 - (1 + 35).
-24
What is -8 - (-22 - (24 + -32) - (3 - 2))?
7
What is -29 + 23 + 4 + 0 + 44 + -23?
19
What is -12 + 9 + -3 + 0?
-6
Evaluate -701 + 695 - (0 - -23).
-29
What is (7 - (-1 + 4)) + 10?
14
What is the value of -15 + -3 + -1 + 2 + 161 + -160?
-16
What is the value of -16 + (-13 - -15) + (14 - 9) + -15?
-24
Calculate 8 - ((7 - (7 - -1)) + 0 + 12).
-3
-5 - (-6 + 2) - (4 - (2 + 7))
4
Evaluate (16 - (-12 - (-11 + -5))) + -48.
-36
Calculate 3 + (-2 - -4) + -7 + 24 + -8.
14
Calculate -13 + (-7 - -15) + -24 + -3.
-32
Evaluate 0 + 7 + (16 - (-8 + 6)) + 6.
31
What is (-1 - (-8 - -4)) + (-2 - (0 + -1))?
2
Evaluate 3 + -2 - (-4 - (-4 + 8 + 5)).
14
Evaluate -108 + 103 - (6 + -21).
10
50 + -39 + 2 + 22
35
What is -38 - (33 + -89) - (-6 - 1)?
25
Calculate 15 + (6 - 1) + 12 + -23 + 9.
18
Calculate -9 + 3 + -7 + -10 - (-15 - -6).
-14
Calculate 0 - 0 - 8 - (-10 + 1).
1
Calculate 24 + -3 - 24 - (4 + -1).
-6
What is the value of (20 - (21 + -11)) + -3 + 15?
22
Calculate -28 + 24 + -4 + (-14 - -1).
-21
Evaluate -2 + -4 + (15 - 5 - (1 + -2)).
5
What is the value of (-27 - -20) + (19 + -1 - 2)?
9
What is (-2 - 17) + (-217 - -220)?
-16
What is the value of 17 - 2 - (126 - 113) - (5 - 0)?
-3
What is the value of 4 + (5 + -3 - -2)?
8
What is the value of 2 - (-36 - (5 + -47))?
-4
What is the value of 5 + 2 + 2 - (11 + -8)?
6
What is the value of (6 - 8) + 4 + -1 + 1 + 2?
4
Calculate -20 + 4 - (12 - (-6 + 20)).
-14
(-3 - -6 - 0) + -4 + 0 - -8
7
Evaluate 11 + (-9 - -6) - ((7 - -3) + 1).
-3
(-8 - 0) + (3 - (2 - 27))
20
What is the value of -1 + -5 + 20 + -28?
-14
What is (17 - 7) + (-4 - 13)?
-7
Calculate -8 + 2 - ((-6 - -29 - 3) + -7).
-19
What is -3 + (-18 - -20) + (0 - -2) + -3?
-2
What is -7 - (-1 + 7 + (-19 - (-7 + 4)))?
3
What is the value of 1 + -10 + 41 + -84 + 46?
-6
Calculate -10 - (17 + -15) - -8.
-4
What is the value of 45 + (2 - 17) - 10?
20
Evaluate 12 + (-27 - (-18 - -14)).
-11
What is -11 - (-7 + 13 + -4 - 5)?
-8
6 + -21 + -3 + 14 - -3
-1
What is the value of 29 - 20 - (9 - 5 - -5) - 10?
-10
Calculate -1 + -2 + 15 + -45 + 22.
-11
What is -5 - (1 - -16 - (69 + -57))?
-10
-7 - (-23 - -8) - 1
7
-17 - -2 - (13 + -59 - -16)
15
72 - 68 - (2 - 11 - 3) - 11
5
Calculate 8 + (1 - (11 - 10)) - 10 - -15.
13
Evaluate -20 - -4 - (1 + -23).
6
-11 - -4 - ((1 - -2) + -8)
-2
Calculate -120 + 104 + (1 - -8).
-7
Evaluate (51 - 11) + -15 + -3 + -8.
14
Evaluate -10 + (5 - (-4 - -8)).
-9
What is the value of 0 + 9 + 15 + -18 + (-9 - 0)?
-3
Evaluate 12 + (-18 - 6) - 0.
-12
What is -19 - -22 - (5 - (5 + -3))?
0
Evaluate -4 + (6 - 1) + 2 + -1 + -8.
-6
Evaluate 3 + (5 - 19 - ((-2 - -1) + 2)).
-12
What is the value of 6 - (-14 + 32) - -17?
5
5 + 0 - -13 - 14
4
Calculate -10 + (-14 - -14) + 14.
4
Calculate (-4 - -9 - 4) + -2 + -11.
-12
(1 - -15 - 4) + (-14 - -9) + 4
11
What is the value of -7 + (7 - ((-4 - -12) + -16 - -5))?
3
(1 - 10) + (48 - (91 - 34))
-18
Calculate 4 + (3 - (-41 + 31)).
17
Evaluate 143 + -154 + 5 + 0 + -3.
-9
10 - (13 - 29 - -16)
10
What is the value of -15 - (-7 - 12 - -25)?
-21
Calculate 41 + (-36 - -10) - -11.
26
What is the value of (-36 - -24 - (0 - 5)) + -3 + 6?
-4
21 + -5 - (-10 - -6)
20
Evaluate 15 + -19 - 13 - -2.
-15
0 + 18 - -19 - 26
11
Evaluate 3 - -42 - 8 - 10 - (2 - -2).
23
What is (-4 - -1) + (0 - (1 - (6 - -3)))?
5
25 - (14 - -20) - 3
-12
7 + -1 + -1 + -3 + (-3 - -6)
5
What is the value of -10 - (7 + 1 - (0 - 2) - 6)?
-14
What is the value of (54 - 68 - -19) + (-6 - -1 - 1)?
-1
What is -1 + -4 + 15 + -41 + 10?
-21
What is the value of (1 - 1) + (-18 - -22) - (-4 + 8)?
0
-21 + 21 + (-1 - 10)
-11
-28 + (-8 - -1) - -13
-22
Evaluate -2 - 2 - (-6 + 14 + -3 - 0).
-9
What is the value of -2147 + 2140 - (1 - 2 - 21)?
15
Calculate (5 - 1) + 1 - (29 + 3) - -9.
-18
What is the value of (3 + -1 - (8 + 8)) + 11 + -7?
-10
Evaluate 3 + (-28 - 13 - -24).
-14
6 + -25 + (20 - 16)
-15
Calculate 52 + -42 + 8 - -17.
35
Calculate (13 - (-11 + -11)) +